Let y be 8/(32/12) - v. What is the tens digit of ((-67)/(-2))/(y/4)?
6
Suppose -2*j - 2324 = 4*z, -11*z - 3*j - 2322 = -7*z. Let k = z - -1777. What is the thousands digit of k?
1
Suppose 30191 - 6508 = 139*s - 93911. What is the hundreds digit of s?
8
Let c(b) = b**2 - 4*b + 8. Let r be c(4). Suppose r = 4*y, 4*q - 9*y - 1978 = -8*y. What is the hundreds digit of q?
4
Let l(k) = -7*k - 18. Let o(c) = -6*c - 19. Let a(f) = 5*l(f) - 6*o(f). Let h be a(-10). What is the units digit of 2 - (h/(-1) + 3)?
3
Suppose -6*p + 20 = -4. Suppose 4*y - 90 = 3*r + y, 0 = 5*r + p*y + 123. Let h = 194 + r. What is the units digit of h?
7
Suppose -29*y + 32*y + 7779 = 0. Let i = y - -3924. What is the hundreds digit of i?
3
Let v = 84810 + -25459. What is the ten thousands digit of v?
5
Let o be 48 + -2 + (14 - 9). Let n = o + 399. What is the units digit of n?
0
Let n(k) = 24*k**3 + 2*k**2 - 4*k + 2. Let s(i) = -7*i + 73. Let x be s(10). What is the units digit of n(x)?
6
Suppose 3*s = -4*h - 22, 2*h - 32 = 4*s + 6*h. Let x be (-1)/(-1*(-5)/s). Suppose f + x = 33. What is the units digit of f?
1
Let o = -23 - -26. Suppose -1516 = -2*f - o*x, -7*f = -12*f - 2*x + 3812. What is the units digit of f?
4
Let v = -51464 - -102505. What is the hundreds digit of v?
0
Suppose -9752 = -2*p + 4*s, 2*p - s + 9777 = 4*p. What is the tens digit of p?
8
Let r(p) = -1 + 350*p - 355*p + 3 + 10*p**2. Let h(k) = -k**2 - 4*k - 2. Let m be h(-2). What is the tens digit of r(m)?
3
Let c(y) = 3*y**2 + 7*y - 157. Let o be c(7). Suppose -2*b + 31 = 11. Suppose 9*j = b*j - o. What is the tens digit of j?
3
Let q(c) = 3*c - 4*c + 2*c + 65. Let z be q(0). Suppose 4*b + z = 3*o + 20, -4*o - b = -60. What is the tens digit of o?
1
Suppose 2*o - 100372 = 3*s, 3*o = -22*s + 23*s + 150551. What is the ten thousands digit of o?
5
Let j be (0 + (-10)/5)*-17. Suppose 0 = 4*h + 114 - j. What is the units digit of ((-204)/(-10))/((-6)/h)?
8
Suppose -89*t - 84691 = -402955. What is the units digit of t?
6
Let s = -787 - -797. Let b(z) = 7*z**2 - 13*z - 9. Let x(n) = -8*n**2 + 13*n + 10. Let d(q) = 6*b(q) + 5*x(q). What is the units digit of d(s)?
6
Let u = -156 + 970. Suppose -142*d + u = -140*d. What is the hundreds digit of d?
4
What is the thousands digit of (2*11734/12)/(7*(-6)/(-252))?
1
What is the ten thousands digit of 6/15 + (-152)/(-20) + 12078?
1
Suppose -28*y - 117*y + 27*y = -1622146. What is the ten thousands digit of y?
1
Suppose 25*x - 26*x - 2*b = -27, 5*b = 5*x - 165. Let f(n) = -n**3 + 35*n**2 - 59*n - 54. What is the hundreds digit of f(x)?
9
Let n(i) = -2*i**3 - 5*i + 7. Suppose -10*g + 457 = -703. Let p = 112 - g. What is the tens digit of n(p)?
5
Suppose 144*i = 730152 + 69336. What is the thousands digit of i?
5
Let p = -51 - -48. Let j(m) = 20*m**2 + 4*m + 16. Let s be j(p). Suppose -5*v + v = -s. What is the units digit of v?
6
Suppose -3*o + 2314 = -695. Suppose 4*c = o + 501. Let d = c + -248. What is the hundreds digit of d?
1
Let f(u) = 6*u**2 + 8*u - 2. Let y be f(-5). Suppose -3*z + y = 3*j, -3*z + 31 = -2*z + 2*j. Let t = z + -38. What is the units digit of t?
3
Suppose 11*l = 12374 + 39744. What is the tens digit of l?
3
What is the thousands digit of ((-3)/1)/(1/(-1735)) - (-106 - -106)?
5
Let n = 32 - 11. Let g(w) = n + 11*w - 14 - 22. What is the units digit of g(4)?
9
Suppose -24 = 19*u + 147. Suppose 2 = 4*x - 2, 0 = -4*h - 5*x + 105. Let w = h + u. What is the tens digit of w?
1
Suppose -10*o + 6*o + 48 = 0. Suppose o*m = 6*m - 6. What is the units digit of (m - (-2 - 0)) + 73?
4
Let y(r) = 178*r - 1162. What is the hundreds digit of y(48)?
3
What is the tens digit of 13933/(7 + 14/7 + -8)?
3
Let c(h) = 2*h**2 - 61*h + 110*h - 55*h - 6 - 367*h**3. What is the units digit of c(-1)?
9
Let z = -206 + 208. Suppose -z*c = -g + 42, g + c - 42 + 6 = 0. What is the units digit of g?
8
What is the units digit of 541 + (-1 - (8 + (-63)/7))?
1
Let s be (-16 + -35)*(-280)/6. Suppose 15*a - 8*a = s. What is the tens digit of a?
4
Suppose -4*j - 4*f + 1100 = 0, 9*j = 6*j + 4*f + 783. What is the hundreds digit of j?
2
Let q(z) = 584*z**2 - 10*z + 62. Let x be q(5). Suppose -16*i + x = 5668. What is the tens digit of i?
5
Let x(h) = -13*h - 5. Let l(s) = -4*s - 2. Let u(v) = 7*l(v) - 2*x(v). Let f be u(-3). Suppose -f*o - 6 = 0, o + 94 = 3*y - 50. What is the units digit of y?
7
What is the thousands digit of -1*2/6*-24501?
8
Suppose m = -2*g + 4181, 2*g + 65 - 67 = 0. What is the tens digit of m?
7
Let t(h) = -h**3 + 465 - 446 + 2*h**3 - 13*h - 4*h**2. Suppose -7*o = -12*o + 35. What is the units digit of t(o)?
5
Suppose -19*k + 72740 - 27615 = 0. Suppose -14*g + 929 = -k. What is the units digit of g?
6
Let g(i) = 176*i**2 + 35*i + 9. Let j be g(-7). Suppose -31*s + 28073 - j = 0. What is the hundreds digit of s?
6
Suppose -6*x + 21 = -3*x. What is the tens digit of (-2 + 105/x)*5?
6
Let o = 415 - 936. Let c = 1525 + o. What is the units digit of c?
4
Suppose 3*p - l - 987 = 2*l, -5*p + 1625 = -l. Let o = -106 + p. What is the tens digit of o?
1
Suppose -19*n = -3*n + 112. Let u(f) = 38*f + 35. Let m(q) = -19*q - 17. Let c(k) = n*m(k) - 3*u(k). What is the units digit of c(5)?
9
Let x(a) = a**3 + 13*a**2 - 13*a + 13. Let h be x(-14). Let t = h + 3. What is the units digit of -26*(-2 - -1) - t?
4
What is the thousands digit of (-478872)/(-32) + (4/(-40))/((-2)/5)?
4
Let q be ((-3)/(-4))/((-2)/(-8)). Let x(u) = -6*u**2 + 1. Let p(r) = 15*r**2 + r - 6. Let k(c) = -p(c) - 3*x(c). What is the tens digit of k(q)?
2
Let i(m) be the first derivative of 2*m**3/3 + 43*m**2/2 - 134*m + 33. What is the units digit of i(-35)?
1
Let a(i) = -i**3 - 6*i**2 + 9*i - 5. Let b be a(-6). What is the tens digit of b/(-4 + 70/18)?
3
Let a(i) = 350*i**2 + 23*i + 12. What is the hundreds digit of a(-3)?
0
Suppose 4*i = -66*a + 65*a + 5, 3*a - 5*i - 15 = 0. Suppose 3*m - 3 = 3. Suppose -m*o - 42 = -g, 4*g + a*o + 0*o - 155 = 0. What is the units digit of g?
0
Let j(z) = 5*z + 6. Let p be -1 + 1/(9/6)*69. Suppose -p = -7*h - 17. What is the units digit of j(h)?
6
Let t(z) = 56*z**2 + 67*z - 554. What is the units digit of t(-37)?
1
Let b(m) = -m**3 + 5*m**2 + 9*m + 4. Let p be b(6). Let j = 40 - p. Suppose 0 = -0*i + 2*i - j. What is the units digit of i?
9
Let l be 3 + -4 - 84/3. Let i = l + 32. Suppose -j = 3*g - 10, g + 4*j - i = 4. What is the units digit of g?
3
Let c be ((-2)/4)/(19/10 - 2). Suppose -w = -209 - c. Let f = 303 - w. What is the tens digit of f?
8
Let x = 127 - -92. Let h = 63 + x. What is the tens digit of h?
8
Let i be -49 + ((-4)/3)/(9/27). Let b(x) = x**3 - 3*x**2 - 6*x + 6. Let m be b(6). Let q = m + i. What is the tens digit of q?
2
Let p(l) be the second derivative of -41*l**3/6 - 15*l**2/2 + 211*l. What is the units digit of p(-4)?
9
What is the thousands digit of -2*-182*83/4?
7
Suppose -78*k + 46637 + 303973 = 0. What is the units digit of k?
5
What is the ten thousands digit of 460/(-506) + (-1344798)/(-77)?
1
Let g(u) = 142*u**2 + 358*u + 5189. What is the hundreds digit of g(-15)?
7
Let d = 15875 - -13558. What is the thousands digit of d?
9
Suppose 5*h + 125 = 3*x + 2*x, -5*h = 2*x - 22. Let u(r) = 1 - r + 11*r**2 + x*r**3 - 22*r**3 - 13. What is the units digit of u(10)?
8
Let r = 29 - 12. Let w = -31 - -54. Let q = r + w. What is the tens digit of q?
4
Let t be 6 - 1 - 9/45*10. Suppose -294 = 2*n - t*n. What is the hundreds digit of n?
2
Let l = 3371 + 10175. What is the tens digit of l?
4
Let a(b) = 2*b**2 - 5*b - 88. Let n be a(8). Suppose -p - 5*z + 574 = -107, 4*z + 8 = n. What is the hundreds digit of p?
6
Let d = 17411 + 582. What is the units digit of d?
3
Let g(x) = 4*x + 24. Let o(q) = -q**2 - 9*q - 24. Let s be o(-6). Let u be g(s). Suppose u = 6*a - 3*a - 99. What is the units digit of a?
3
Let j(q) = 2. Let o(b) = -145*b - 9. Let f(v) = -3*j(v) - o(v). What is the units digit of f(2)?
3
Let i = 7338 - 3653. Suppose 3*y - i = 2*t, 0 = -5*y + t + 8940 - 2796. What is the units digit of y?
9
Let q = -9270 - -19757. What is the hundreds digit of q?
4
Let h(c) = -c**3 + 11*c**2 - 6*c + 25. Let s = -7 - -16. Let y be h(s). Suppose -a - 330 = -2*l, 2*l - 181 - y = -3*a. What is the tens digit of l?
6
Let m(d) be the first derivative of d**4/4 + 32*d**